termine s(-6).
11
Let z(l) be the first derivative of -2*l**3 + 1/4*l**4 + 7/2*l**2 - 3 - 5*l. Calculate z(5).
5
Let v(f) be the third derivative of f**5/60 + f**2. What is v(-1)?
1
Let m(f) = -5*f**2 - 7*f - 6. Let u(v) = -6*v**2 - 7*v - 6. Let g(n) = -5*m(n) + 4*u(n). Give g(-4).
-6
Let m = 23/42 + -3/14. Let b(k) be the first derivative of 3*k + 5/2*k**2 + m*k**3 + 2. Give b(-3).
-3
Let y(j) be the first derivative of -13*j**2/2 - j + 4. Let x(q) = q - 2. Let c be x(3). Give y(c).
-14
Let m(p) = 9*p**2 - 9*p + 2. Let t(j) = 5*j**2 - 5*j + 1. Let z(s) = 6*m(s) - 11*t(s). Let u(a) be the first derivative of z(a). Calculate u(-2).
5
Let s be 4/10 - 448/70. Let j(a) = -4*a + 2*a - 2*a + 3*a. Calculate j(s).
6
Let v = -22 + 19. Let z(c) = 3*c - 2. Determine z(v).
-11
Suppose 0 = -3*o + 6*o. Let n(x) = x + 2. Let k be n(o). Let u(m) = 2*m**k - 1 + m**2 + 6*m**3 + 2*m**2 - 3*m**2. Give u(-1).
-5
Suppose q - 3*q + 5*p = -18, 2*p + 20 = 4*q. Let l(b) be the second derivative of -1/2*b**2 + 1/6*b**3 + 4*b + 0. Calculate l(q).
3
Let o(j) = -4*j**2 - 2*j**2 + 0*j - 3*j - j**3 + 4. Suppose -4*m - 20 = -0*m. Determine o(m).
-6
Suppose 0 = -2*r + 5*r - 9. Suppose -12 = 3*t - 3*l, 0 = r*t + 2*t + 2*l + 6. Let o(j) = -2*j**2 - 2*j - 2. What is o(t)?
-6
Let m(k) = -1. Let i(c) = -c + 5. Suppose -o - 4*u = -11, o - u = -0*o - 4. Let y(j) = o*i(j) - 5*m(j). What is y(-6)?
-6
Let a(h) be the first derivative of -h**4/4 + h**3 - 2*h**2 - h + 47. Calculate a(3).
-13
Let l(t) = t**2 + 5*t + 1. Suppose 3*y + 20 = 2. Let a = y + 0. Give l(a).
7
Let w(l) = -5*l + 1. Let g(u) = u. Let a(m) = g(m) + w(m). Determine a(-4).
17
Let b(p) = -1046*p + 2088*p - 1044*p - 2. Let d(s) = -s**3 - 6*s**2 - 5*s - 5. Let k be d(-5). Determine b(k).
8
Let w be 1/(-2) - 4*(-10)/(-16). Let p(n) = -2*n**2 - 4*n - 1. Calculate p(w).
-7
Suppose 15 = -5*k, 2*n + 5*k - 2 = -13. Let j(u) = u**3 + 6*u**2 + 4*u - 4. Let b be j(-4). Let m be (-1)/(-2)*b/n. Let r(o) = 2*o**2 - 4*o - 1. Calculate r(m).
5
Let g(c) = c**3 - 8*c**2 + 7. Let n(f) = f**3 - f**2 - f + 8. Let v be n(0). Calculate g(v).
7
Let u(w) be the second derivative of -w**5/20 - w**4/4 + w**3 + 3*w**2 + w. Let a(d) = -d**2 - 3*d. Let o be a(1). Calculate u(o).
-2
Let d = 16 - 9. Let o(u) = -4*u**2 - 5*u - 4. Suppose -g + f = 2 - 4, 5*g + 5*f = -30. Let p(z) = -z**2 - 2*z - 1. Let i(n) = d*p(n) + g*o(n). Give i(5).
6
Let a(k) = -k**2 - k. Let y = 16 + -10. Suppose 5*r + 28 = -t, -y*r = 3*t - r + 34. Determine a(t).
-6
Let g(h) = -7*h - 3. Let j be g(-4). Suppose -4*t + 5*z + 31 = 0, 3*t - 3*z - j = -4. Let v(w) be the second derivative of -w**3/6 + w**2 - w. Give v(t).
-2
Let i(v) = -v**3 + 6*v**2 - 4*v - 7. Let f be 1*8 + (-10)/5. Suppose -f*u = -2*u - 20. Calculate i(u).
-2
Let t(a) = 2*a**2 + 5*a + 3. Let k(m) = m**2 + 1. Let o(u) = 3*k(u) - t(u). Determine o(4).
-4
Let l(g) = g**2 - 3*g - 3. Suppose 4*f + 2*q + 3*q = 1, 0 = -5*f - 5*q + 5. What is l(f)?
1
Let d be (-2)/7 - 51/(-7). Let k(q) = 0*q + 18 - d*q**2 - 4*q - 10 - q**3. Calculate k(-6).
-4
Let t(c) be the third derivative of -c**6/120 + c**5/30 - c**4/6 + c**3/3 - 46*c**2. What is t(2)?
-6
Let j(n) = -n**3 + 2*n**2 + 4*n + 1. Let p be j(3). Suppose 2*r = -5*u + 6, 3*r - u + 10 = -r. Let l be p*1 + 0 + r. Let y(x) = -3*x - 2. Calculate y(l).
-8
Let m(j) = 7*j**3 - 5*j**2 - 2*j + 1. Let v(p) = -3*p**3 + 2*p**2 + p. Let h = -1 + -4. Let d(q) = h*v(q) - 2*m(q). Calculate d(-2).
-8
Suppose 2*d + 2*d + 5*a = -12, 5*d + 5*a + 20 = 0. Let r(g) = g**3 + 7*g**2 - 9*g - 4. Determine r(d).
4
Let c(y) = 7*y**2 + 5*y - 8. Let w(p) = -p**2 + 1. Let l(j) = -c(j) - 6*w(j). Calculate l(-7).
-12
Let w(u) = -4 + u**2 + 6*u - 6*u + 6*u. Calculate w(-6).
-4
Suppose -71*a + 20 = -76*a. Let b(m) = -m**2 - 4*m - 3. What is b(a)?
-3
Let g(a) = -a**2 - 8*a - 6. Let w be g(-6). Let n(v) = 4*v - 7. What is n(w)?
17
Let h = -44 + 49. Let t(r) = -r**3 + 6*r**2 - 6*r + 6. Determine t(h).
1
Let h(s) be the third derivative of -s**4/8 + s**3/6 + 50*s**2. Suppose -u = -5*g + 2*g - 16, 0 = 4*u - 3*g - 28. Calculate h(u).
-11
Let b(v) be the third derivative of 1/60*v**5 - 2*v**2 - 1/6*v**3 - 1/24*v**4 + 0*v + 0 + 1/40*v**6. What is b(-1)?
-2
Let l(k) = 2*k. Let s be ((-15)/(-5))/(12/(-16)). Calculate l(s).
-8
Let q be (18/(-24))/((-2)/(-40)). Let c = q + 10. Let w(i) = i**2 + 5*i + 4. Determine w(c).
4
Let p(a) be the first derivative of 7*a**2 - a - 13. Give p(-1).
-15
Let j(s) be the first derivative of 4*s**3/3 - 3*s**2/2 + 1. Let d be -6*(-3)/(-3 + 9). Let a be 3*d/18*4. Give j(a).
10
Let u = 0 - -5. Let k be 4*1*u/20. Let s(z) = 5*z**3 + 2*z**2 - 2*z + 1. Let x be s(k). Let w(l) = l**2 - 6*l. What is w(x)?
0
Let n(h) = -h**3 - 6*h**2 - 4*h + 2. Let j be n(-5). Let c(b) = -6*b**2 - 7*b - 14. Let x(k) = 4 - 3 + 8 + 4*k**2 + 5*k. Let l(v) = -5*c(v) - 8*x(v). Give l(j).
-5
Let d(q) = 13*q + 2. Let s be 4/(4/(-6)*(-2 + 5)). What is d(s)?
-24
Let p(j) be the third derivative of j**4/3 + j**3/6 + 6*j**2. Give p(-1).
-7
Let y(v) = -v + 7. Let n(q) = q**3 + 6*q**2 + 3*q - 4. Let a be n(-5). Let h be y(a). Suppose h = -5*f - 4. Let l(d) = d + 1. Calculate l(f).
0
Let u(c) = -c - 1. Let y be u(-1). Suppose y = n - 8. Let t(b) = -b + b**2 + 2*b - b - n. Calculate t(0).
-8
Let m be 13/5 + (-6)/(-15). Suppose -4*b + 2*k - 24 = 0, 2*b - m*k + 26 = -2*b. Let j(y) = -4*y - 5 + y - 2 - 4*y - y**2. Determine j(b).
3
Let i(y) = -y**2 + 9*y - 5. Let d(o) = o**2 - 8*o + 5. Let h(v) = -3*d(v) - 2*i(v). Give h(4).
3
Let l(h) be the second derivative of h**4/12 - 7*h**3/6 + h**2 - h. Let i be ((-5)/10)/((-1)/12). Determine l(i).
-4
Let a(k) be the second derivative of k**8/6720 + k**7/840 + k**6/360 + k**5/60 - k**4/4 + 2*k. Let d(l) be the third derivative of a(l). Calculate d(-3).
-4
Suppose -5*w + 6 = -2*w. Let i be w/(0 - 0 - 1). Let m(l) = -3*l - 2. Calculate m(i).
4
Let l(t) = 9*t**2 + 11*t. Let u(r) = 5*r**2 + 5*r. Let c(z) = 6*l(z) - 13*u(z). Calculate c(-1).
-12
Let v be (-10)/(-16)*-2*-4. Let h(t) = t**3 - 4*t**2 - 7*t + 4. What is h(v)?
-6
Let i(s) = -2*s**3 - s**2 - s - 1. Let u be i(-1). Let y be (-1 - 0)/(1/(-2)). Let c be (4/y - 0)/u. Let a(m) = -2*m**3 + m**2 + m + 1. Calculate a(c).
-9
Let w(r) = 2*r - 5. Suppose -h + 0 = -z + 6, -5*z + 22 = -h. What is w(z)?
3
Suppose 0 = 5*t - 3*t - 3*s + 11, 6 = 3*t + 3*s. Let i be 2 - -3*1/t. Let y(r) = -8*r**3 + r**2 - r - 1. What is y(i)?
9
Let c(u) = 12*u. Let j(r) = r**2 + 2*r - 1. Let a be j(0). Give c(a).
-12
Let z = -2 - 0. Let v(d) = -d**2 - 10*d + 5. Let f be v(-10). Let s(a) = f*a - 2 - 9*a + a**3 - 1. Determine s(z).
-3
Suppose -5*g = -5*a + 4 - 49, 3*g = 5*a + 35. Let y(i) = -3*i + 1. Calculate y(g).
-14
Let j(a) be the third derivative of -a**5/60 - 5*a**4/24 + a**3/2 + 5*a**2. Let u(f) = -3*f**2 - f. Let d be u(1). What is j(d)?
7
Let w(p) = p**3 + 3*p**2 - 5*p - 4. Suppose 1 = v - 1. Suppose -v*r + r = 56. Let q be (-26)/7 + 16/r. Determine w(q).
0
Let g = 15 - 11. Let j(o) be the third derivative of -1/24*o**g + 1/60*o**5 + 0*o + 0 + 1/3*o**3 - 2*o**2. What is j(3)?
8
Let k be (-2 - -6) + (-4 - -2). Suppose -g - k = 4. Let z(l) = l**3 + 7*l**2 + 6*l + 2. Determine z(g).
2
Let v = -15 + 15. Let f(s) be the third derivative of v + s**2 + 1/20*s**5 + 1/24*s**4 + 0*s + 1/120*s**6 - 1/6*s**3. Calculate f(-2).
1
Let w(f) be the third derivative of -f**7/5040 + f**6/72 - f**5/60 + f**2. Let d(s) be the third derivative of w(s). Give d(5).
5
Suppose 3*r - 13 = d, 0 = -5*d + 2*r - 19 + 6. Let s(t) = 3*t**3 + t. Calculate s(d).
-4
Let g(s) = s**2 - 5. Let c be g(0). Let j(u) = 7*u**2 + u**3 - 4 - 7*u + 0*u - 3*u**2 - 2. What is j(c)?
4
Let s = 4 + -2. Let n(m) = -6 - m**2 + 0*m**2 + 0 - 5*m + 0*m**s. Let o = -7 - -3. What is n(o)?
-2
Let r(s) = s - 9. Suppose -5*z + 29 = 2*f + f, -3*z + 4*f = 0. Let u(q) = -q + 9. Let v(p) = z*r(p) + 5*u(p). Calculate v(5).
4
Let m(z) be the third derivative of z**4/24 + 5*z**3/6 + 8*z**2. Determine m(-4).
1
Let d(i) = -i**2 + 6*i - 3. Let w be d(5). Suppose 5*o = 11 - 1. Let n(a) = -w*a**o + 0*a - a - 3*a**2. What is n(-1)?
-4
Let f(h) = h**2 - 5*h - 3. Let w(t) = t. Let b be w(6). Determine f(b).
3
Let o(s) = s**2 + 4*s - 4. Let h(d) = d**3 - d**2. Let w(l) = l - 3. Let b be w(4). Let q(v) = b*o(v) - h(v). Let p be (-2)/(-3)